{"id":5,"date":"2013-01-04T15:02:52","date_gmt":"2013-01-04T12:02:52","guid":{"rendered":"http:\/\/www.radiofiskars.fi\/wp\/?page_id=4"},"modified":"2026-03-20T18:49:21","modified_gmt":"2026-03-20T16:49:21","slug":"home","status":"publish","type":"page","link":"https:\/\/www.radiofiskars.fi\/wordpress\/home\/","title":{"rendered":"Radio Fiskars"},"content":{"rendered":"<p style=\"text-align: left; padding-left: 30px;\">Vapaaehtoisvoimin toimiva <strong>www.radiofiskars.fi <\/strong>tarjoaa yhteis\u00f6llisyydelle uudenlaisen kanavan. Sen ensimm\u00e4inen l\u00e4hetys kuultiin toukokuussa 2012.<\/p>\n<blockquote>\n<pre>Radiofiskarsin toimintaa tukee:\nSophie von Julinin s\u00e4\u00e4ti\u00f6\n\nYhteisty\u00f6kumppanit:\nPirkkalaiskirjailijat ry\nTy\u00f6v\u00e4enkirjallisuuden p\u00e4iv\u00e4\nAnnikin Runofestivaali\nKELMU ry \nKWUM-museo\nFiskars Kyl\u00e4seura\n\nKAVI: Kansallinen audiovisuaalinen instituutti (KAVI) vastaanotti Radiofiskarsilta kev\u00e4\u00e4ll\u00e4 2024 vapaaehtoisena talletuksena 651 internetiss\u00e4 julkaistua radio-ohjelmaa.<\/pre>\n<pre class=\"support\">Arkiston puheohjelmia voi kuunnella kaikkialla.<\/pre>\n<\/blockquote>\n\n\n<figure class=\"wp-block-image size-full is-resized\"><a href=\"https:\/\/www.radiofiskars.fi\/wp-content\/uploads\/2026\/03\/Julins_logo.jpg\"><img loading=\"lazy\" decoding=\"async\" width=\"660\" height=\"188\" src=\"https:\/\/www.radiofiskars.fi\/wp-content\/uploads\/2026\/03\/Julins_logo.jpg\" alt=\"\" class=\"wp-image-10860\" style=\"aspect-ratio:3.5027624309392267;width:277px;height:auto\" srcset=\"https:\/\/www.radiofiskars.fi\/wp-content\/uploads\/2026\/03\/Julins_logo.jpg 660w, https:\/\/www.radiofiskars.fi\/wp-content\/uploads\/2026\/03\/Julins_logo-300x85.jpg 300w\" sizes=\"auto, (max-width: 660px) 100vw, 660px\" \/><\/a><\/figure>\n\n\n\n<figure class=\"wp-block-image size-large is-resized\"><a href=\"https:\/\/www.radiofiskars.fi\/wp-content\/uploads\/2026\/03\/Logot1.jpg\"><img loading=\"lazy\" decoding=\"async\" width=\"1024\" height=\"348\" src=\"https:\/\/www.radiofiskars.fi\/wp-content\/uploads\/2026\/03\/Logot1-1024x348.jpg\" alt=\"\" class=\"wp-image-10861\" style=\"aspect-ratio:2.9488372093023254;width:434px;height:auto\" srcset=\"https:\/\/www.radiofiskars.fi\/wp-content\/uploads\/2026\/03\/Logot1-1024x348.jpg 1024w, https:\/\/www.radiofiskars.fi\/wp-content\/uploads\/2026\/03\/Logot1-300x102.jpg 300w, https:\/\/www.radiofiskars.fi\/wp-content\/uploads\/2026\/03\/Logot1-768x261.jpg 768w, https:\/\/www.radiofiskars.fi\/wp-content\/uploads\/2026\/03\/Logot1-1536x522.jpg 1536w, https:\/\/www.radiofiskars.fi\/wp-content\/uploads\/2026\/03\/Logot1.jpg 1718w\" sizes=\"auto, (max-width: 1024px) 100vw, 1024px\" \/><\/a><\/figure>\n\n\n\n<figure class=\"wp-block-image size-large\"><a href=\"https:\/\/www.radiofiskars.fi\/wp-content\/uploads\/2026\/03\/Logot2-scaled.jpg\"><img loading=\"lazy\" decoding=\"async\" width=\"1024\" height=\"145\" src=\"https:\/\/www.radiofiskars.fi\/wp-content\/uploads\/2026\/03\/Logot2-1024x145.jpg\" alt=\"\" class=\"wp-image-10862\" srcset=\"https:\/\/www.radiofiskars.fi\/wp-content\/uploads\/2026\/03\/Logot2-1024x145.jpg 1024w, https:\/\/www.radiofiskars.fi\/wp-content\/uploads\/2026\/03\/Logot2-300x43.jpg 300w, https:\/\/www.radiofiskars.fi\/wp-content\/uploads\/2026\/03\/Logot2-768x109.jpg 768w, https:\/\/www.radiofiskars.fi\/wp-content\/uploads\/2026\/03\/Logot2-1536x218.jpg 1536w, https:\/\/www.radiofiskars.fi\/wp-content\/uploads\/2026\/03\/Logot2-2048x291.jpg 2048w\" sizes=\"auto, (max-width: 1024px) 100vw, 1024px\" \/><\/a><\/figure>\n\n\n\n<p><\/p>\n","protected":false},"excerpt":{"rendered":"<p>Vapaaehtoisvoimin toimiva www.radiofiskars.fi tarjoaa yhteis\u00f6llisyydelle uudenlaisen kanavan. Sen ensimm\u00e4inen l\u00e4hetys kuultiin toukokuussa 2012. Radiofiskarsin toimintaa tukee: Sophie von Julinin s\u00e4\u00e4ti\u00f6 Yhteisty\u00f6kumppanit: Pirkkalaiskirjailijat ry Ty\u00f6v\u00e4enkirjallisuuden p\u00e4iv\u00e4 Annikin Runofestivaali KELMU ry KWUM-museo Fiskars Kyl\u00e4seura KAVI: Kansallinen audiovisuaalinen instituutti (KAVI) vastaanotti Radiofiskarsilta kev\u00e4\u00e4ll\u00e4 2024 vapaaehtoisena talletuksena 651 internetiss\u00e4 julkaistua radio-ohjelmaa. Arkiston puheohjelmia voi kuunnella kaikkialla.<\/p>\n","protected":false},"author":3,"featured_media":0,"parent":0,"menu_order":0,"comment_status":"closed","ping_status":"closed","template":"","meta":{"footnotes":""},"class_list":["post-5","page","type-page","status-publish","hentry"],"_links":{"self":[{"href":"https:\/\/www.radiofiskars.fi\/wordpress\/wp-json\/wp\/v2\/pages\/5","targetHints":{"allow":["GET"]}}],"collection":[{"href":"https:\/\/www.radiofiskars.fi\/wordpress\/wp-json\/wp\/v2\/pages"}],"about":[{"href":"https:\/\/www.radiofiskars.fi\/wordpress\/wp-json\/wp\/v2\/types\/page"}],"author":[{"embeddable":true,"href":"https:\/\/www.radiofiskars.fi\/wordpress\/wp-json\/wp\/v2\/users\/3"}],"replies":[{"embeddable":true,"href":"https:\/\/www.radiofiskars.fi\/wordpress\/wp-json\/wp\/v2\/comments?post=5"}],"version-history":[{"count":30,"href":"https:\/\/www.radiofiskars.fi\/wordpress\/wp-json\/wp\/v2\/pages\/5\/revisions"}],"predecessor-version":[{"id":10867,"href":"https:\/\/www.radiofiskars.fi\/wordpress\/wp-json\/wp\/v2\/pages\/5\/revisions\/10867"}],"wp:attachment":[{"href":"https:\/\/www.radiofiskars.fi\/wordpress\/wp-json\/wp\/v2\/media?parent=5"}],"curies":[{"name":"wp","href":"https:\/\/api.w.org\/{rel}","templated":true}]}}